26008. Calculate y(-130).
-138
Let y(q) = -2361*q + 7904. Calculate y(4).
-1540
Let j(h) = -1425*h - 121166. Determine j(-85).
-41
Let m(f) = 10492*f - 157372. Calculate m(15).
8
Let p(d) = -d**3 + 14*d**2 + 13203*d + 2837. Calculate p(-108).
-79
Let y(g) = -4*g**3 - 995*g**2 + 194*g - 13692. Calculate y(-249).
3
Let x(n) = -12*n**2 + 2381*n + 13657. What is x(204)?
-11
Let j(x) = 3987*x + 115593. What is j(-29)?
-30
Let j(z) = -6*z**2 - 431*z - 5076. What is j(-12)?
-768
Let d(y) = 464*y + 4125. Give d(-10).
-515
Let z(j) = -2*j**2 + 422*j - 14618. What is z(35)?
-2298
Let u(n) = -2024*n + 405044. Calculate u(200).
244
Let o(l) = -l**3 + 7*l**2 + 72*l - 145. What is o(12)?
-1
Let c(q) = 109*q**3 + 327*q**2 + 36*q + 35. What is c(-3)?
-73
Let f(d) = 27*d**3 + 4404*d**2 + 4862*d + 339. Give f(-162).
15
Let a(y) = 508*y**2 + 97039*y + 2068. Give a(-191).
-33
Let q(b) = 31304*b + 532125. Determine q(-17).
-43
Let g(l) = -2*l**2 + 138*l - 1516. Calculate g(67).
-1248
Let z(n) = -415*n**2 + 2908*n - 123. Determine z(7).
-102
Let i(s) = 4519*s + 1120683. Calculate i(-248).
-29
Let f(w) = 2*w**3 - 304*w**2 - 297*w - 1286. What is f(153)?
91
Let t(r) = -9*r**2 + 301*r - 1546. What is t(26)?
196
Let u(h) = -13*h**2 - 207*h + 57. Calculate u(-9).
867
Let u(d) = 34*d**2 - 17938*d + 81594. Calculate u(523).
6
Let q(i) = -87*i + 40968. Determine q(473).
-183
Let x(y) = 63289*y - 442957. Give x(7).
66
Let s(v) = -3038*v + 14497. Calculate s(4).
2345
Let n(c) = -2*c**3 - 15*c**2 + 86*c + 324. Determine n(-3).
-15
Let g(y) = -67*y**2 + 1892*y + 994. Give g(29).
-485
Let p(r) = -44*r**2 - 971*r + 10379. Determine p(-30).
-91
Let m(f) = 16509*f - 49182. Give m(3).
345
Let s(k) = -72783*k + 67. Give s(0).
67
Let a(b) = -1125*b - 426339. Determine a(-379).
36
Let x(v) = v**2 + 182*v - 8090. Determine x(37).
13
Let g(w) = 447*w - 34021. What is g(76)?
-49
Let x(l) = -l**2 - 392126*l - 1176380. Calculate x(-3).
-11
Let x(c) = -18*c**2 - 1529*c + 16837. What is x(10)?
-253
Let w(q) = -q**3 - 353*q**2 + 771*q + 21647. Give w(-355).
-8
Let w(z) = -3*z**3 - 8*z**2 + 1543*z - 4473. What is w(3)?
3
Let h(q) = q**3 - 668*q**2 + 2056*q + 6302. Calculate h(5).
7
Let k(d) = -d**3 - 73*d**2 + 1470*d + 63. What is k(16)?
799
Let m(d) = 345356*d - 5525713. What is m(16)?
-17
Let t(j) = 514*j - 40856. Give t(80).
264
Let b(w) = -w**3 - 6*w**2 + 9598*w - 342. Determine b(95).
-57
Let q(h) = 5*h**2 + 46*h + 1044. Determine q(-25).
3019
Let z(v) = -2602*v - 4866. Determine z(-2).
338
Let l(g) = 40*g + 1665. Give l(-34).
305
Let x(i) = 6*i**2 - 487*i - 1653. What is x(81)?
-1734
Let x(a) = 312*a + 6897. What is x(-24)?
-591
Let y(r) = 92*r**2 + 725*r - 107. Determine y(-8).
-19
Let c(k) = -381584*k - 4960582. Calculate c(-13).
10
Let h(z) = -5401*z + 13587. Calculate h(3).
-2616
Let t(x) = -24*x**2 - 135*x + 5. Give t(-15).
-3370
Let v(g) = 9*g**2 - 786*g - 26. Give v(84).
-2546
Let a(x) = -1649*x + 57710. What is a(35)?
-5
Let v(f) = -f**3 - 3*f**2 + 23*f - 54. Determine v(5).
-139
Let f(b) = 39*b**2 + 577*b + 124. What is f(-14)?
-310
Let o(w) = 29*w**3 - 986*w**2 + 14*w - 691. Give o(34).
-215
Let h(n) = 36*n**3 + 96*n**2 - 491*n - 93. Give h(5).
4352
Let a(l) = -l**3 - 5*l**2 + 16273*l + 65097. Give a(-4).
-11
Let r(x) = -2*x**3 + 436*x**2 - 22606*x - 451. Give r(133).
81
Let h(g) = 126*g**2 + 16514*g + 927. Determine h(-131).
-121
Let s(a) = -2*a**3 - 14*a**2 + a + 183. Determine s(-7).
176
Let a(g) = -11*g**2 + 243*g + 118. Calculate a(23).
-112
Let g(m) = -14841*m + 30222. Determine g(2).
540
Let m(x) = -8*x**3 + 130*x**2 - 79*x - 16. Determine m(4).
1236
Let w(n) = -n**2 + 368*n + 2310. Determine w(374).
66
Let z(a) = 58*a**2 - 180*a + 10. Determine z(6).
1018
Let t(v) = -3*v**3 - 362*v**2 + 489*v + 105. Determine t(-122).
-17
Let g(u) = 10*u**2 + 81*u + 213. Calculate g(-7).
136
Let x(b) = 7*b**3 + b**2 - 43*b + 53. Calculate x(3).
122
Let i(j) = j**3 - 62*j**2 + 128*j - 163. What is i(60)?
317
Let m(q) = q**3 + 340*q**2 + 5*q + 1760. Give m(-340).
60
Let x(a) = -a**3 - 2*a**2 + 1472*a - 13092. Give x(9).
-735
Let v(b) = 24494*b - 17464220. Give v(713).
2
Let c(z) = 8*z**2 + 40*z + 99. What is c(-5)?
99
Let w(u) = 105*u - 3895. What is w(34)?
-325
Let y(k) = 5*k**2 - 1502*k + 46378. Determine y(35).
-67
Let q(z) = -2668*z + 93115. Calculate q(35).
-265
Let y(n) = -n**3 - 8*n**2 - 4*n - 2979. Give y(-15).
-1344
Let u(y) = -94390*y**2 + 471948*y + 9. Calculate u(5).
-1
Let m(a) = -a**3 - 566*a**2 - 80085*a - 1436. Give m(-286).
-6
Let a(f) = 38164*f - 228900. Determine a(6).
84
Let a(x) = -x**3 - 340*x**2 + 3428*x - 25240. Give a(-350).
-40
Let w(i) = -4*i**3 - 52*i**2 - 11*i + 255. Give w(2).
-7
Let k(a) = 4*a**3 - 234*a**2 - 78*a - 261. What is k(59)?
2099
Let l(z) = 1200*z - 318314. Give l(265).
-314
Let y(z) = -28*z**3 - 9576*z**2 - 2*z - 16. Determine y(-342).
668
Let j(c) = -c**2 + 26082*c + 365352. Give j(-14).
8
Let q(s) = 148*s**3 + 914*s**2 + 170*s + 95. What is q(-6)?
11
Let z(p) = 2*p**3 - 2*p**2 - 1754*p + 12069. Determine z(7).
379
Let b(v) = 383*v + 4789. Calculate b(-14).
-573
Let h(m) = -m**3 - 106*m**2 - 2935*m - 189599. What is h(-96)?
1
Let k(p) = 573*p - 4624. Determine k(8).
-40
Let v(o) = 45*o**3 + 2063*o**2 + 1701*o - 271. What is v(-45)?
134
Let x(l) = 407*l - 46. Determine x(-3).
-1267
Let a(s) = s**3 + 48*s**2 + 519*s - 1405. Determine a(-25).
-5
Let c(x) = -2*x**3 + 69*x**2 - 132*x - 224. What is c(32)?
672
Let j(h) = -h**2 - 71*h - 1. What is j(1)?
-73
Let i(z) = -2*z**2 + 91*z + 619. What is i(52)?
-57
Let u(d) = -d**3 - 13*d**2 + 34*d + 11. What is u(-6)?
-445
Let y(s) = -4*s**2 + 4591*s - 18312. Determine y(4).
-12
Let b(k) = 776*k + 20047. Give b(-26).
-129
Let z(t) = -27*t**2 - 408*t + 2659. Give z(6).
-761
Let o(v) = -886*v**2 - 225935*v - 1286. Determine o(-255).
-11
Let r(h) = -1895727*h - 15165817. Give r(-8).
-1
Let d(k) = 5*k**3 - 6*k**2 - 105*k + 496. Calculate d(5).
446
Let a(l) = -l**3 - 3*l**2 - 707*l + 6094. Give a(8).
-266
Let x(u) = -11860*u + 830338. Calculate x(70).
138
Let d(m) = -253*m - 24079. What is d(-97)?
462
Let r(u) = -4*u**2 + 1410*u - 64012. Calculate r(299).
-26
Let m(b) = 26*b**2 - 890*b - 29. Give m(34).
-233
Let v(b) = b**3 - 7*b**2 + 93*b - 542. Give v(8).
266
Let k(b) = 121073*b - 121143. Give k(1).
-70
Let i(q) = -14190*q + 56660. What is i(4)?
-100
Let f(n) = n**3 + 19*n**2 - 67*n + 351. Calculate f(-24).
-921
Let q(u) = 213*u - 2248. Determine q(13).
521
Let l(i) = -6*i**2 - 42*i + 1337. Determine l(14).
-427
Let s(o) = -32*o**3 + 75*o**2 + 195*o + 2. Calculate s(4).
-66
Let c(i) = -98*i**2 + 4049*i - 851. Determine c(41).
420
Let g(j) = 27616*j + 138081. Calculate g(-5).
1
Let u(o) = -3883*o + 1063941. Give u(274).
-1
Let t(c) = -5*c**2 - 173*c - 1402. Give t(-14).
40
Let r(v) = -2*v**3 - 139*v**2 - 338*v - 211. What is r(-67)?
-10
Let y(b) = -b**3 - 364*b**2 - 3107*b + 153287. What is y(-354)?
5
Let o(n) = 703*n - 213719. What is o(304)?
-7
Let h(m) = m**3 + 872*m**2 + 26944*m + 53770. Give h(-840).
10
Let k(d) = -679*d - 873. Calculate k(0).
-873
Let a(b) = b**2 - 176*b + 4928. Give a(141).
-7
Let j(o) = -73*o - 6933. Calculate j(-91).
-290
Let p(m) = -2*m**2 + 40767*m - 203796. Calculate p(5).
-11
Let h(z) = -2032*z + 7900. What is h(4)?
-228
Let y(q) = -4841*q - 154893. What is y(-32)?
19
Let b(r) = -r**3 - 8*r**2 - 501*r + 4238. What is b(7)?
-4
Let m(i) = -1149*i - 21619. Determine m(-19).
212
Let m(i) = 741*i + 12604. Give m(-17).
7
Let g(y) = 448*y**2 + 6717*y - 22. Calculate g(-15).
23
Let r(p) = 4*p**3 - 107*p**2 + 363*p - 12. Determine r(4).
-16
Let x(k) = -11893*k + 85222. Give x(7).
1971
Let y(j) = 1125*j**2 - 173257*j + 1083. What is y(154)?
5
Let x(j) = -j**3 - 24*j**2 + 5598*j + 182434. What is x(-35)?
-21
Let d(r) = 3*r**3 - 421*r**2 - 289*r + 501. Give d(141).
-486
Let h(c) = -c**2 - 67*c + 4560. Give h(48).
-960
Let r(o) = -4075*o + 3569676. Give r(876).
-24
Let b(j) = -11824*j - 1430691. Give b(-121).
13
Let v(k) = 2*k**3 - 131*k**2 + 105*k - 2594. Determine v(65).
6
Let i(u) = u**3 + 96*u**2 + 1627*u - 25. Give i(-74).
49
Let d(p) = -9973*p + 31012. Calculate d(3).
1093
Let z(s) = 4*s**2 - 291*s - 1341. Determine z(73).
-1268
Let x(h) = 52*h + 5177. Calculate x(-137).
-1947
Let h(f